{"id":10169,"date":"2026-03-09T14:16:04","date_gmt":"2026-03-09T13:16:04","guid":{"rendered":"https:\/\/cpsanadrian.educacion.navarra.es\/blog\/?page_id=10169"},"modified":"2026-03-09T14:16:04","modified_gmt":"2026-03-09T13:16:04","slug":"preinscripciones-online-2026-27","status":"publish","type":"page","link":"https:\/\/cpsanadrian.educacion.navarra.es\/blog\/preinscripciones-online-2026-27\/","title":{"rendered":"PREINSCRIPCIONES ONLINE 2026-27"},"content":{"rendered":"\n<p>Ya est\u00e1 abierto el proceso de <strong>preinscripci\u00f3n para el alumnado de 2\u00ba ciclo de Educaci\u00f3n Infantil y Educaci\u00f3n Primaria<\/strong> para el curso <strong>2026-2027<\/strong>.<\/p>\n\n\n\n<p>Las familias interesadas deber\u00e1n realizar la solicitud <strong>preferentemente de forma online<\/strong> a trav\u00e9s de la p\u00e1gina oficial del <strong>Gobierno de Navarra<\/strong>.<\/p>\n\n\n\n<p>\ud83d\udcc5 <strong>Plazo de preinscripci\u00f3n:<\/strong><br>Del <strong>9 al 13 de marzo de 2026<\/strong> (ambos incluidos).<\/p>\n\n\n\n<p>La solicitud se realiza accediendo al tr\u00e1mite oficial en el siguiente enlace:<\/p>\n\n\n\n<p>\ud83d\udd17 <strong>Acceder a la preinscripci\u00f3n online<\/strong><br><a href=\"https:\/\/www.navarra.es\/es\/tramites\/on\/-\/line\/preinscripcion-y-matricula-del-alumnado-de-segundo-ciclo-de-educacion-infantil-y-primaria?utm_source=chatgpt.com\">https:\/\/www.navarra.es\/es\/tramites\/on\/-\/line\/preinscripcion-y-matricula-del-alumnado-de-segundo-ciclo-de-educacion-infantil-y-primaria<\/a><\/p>\n\n\n\n<p>Para realizar la solicitud ser\u00e1 necesario identificarse mediante <strong>usuario de EDUCA<\/strong> o <strong>sistema Cl@ve<\/strong>.<\/p>\n\n\n\n<p>Si alguna familia tiene dificultades para realizar el tr\u00e1mite online, puede ponerse en contacto con el <strong>centro educativo<\/strong>, donde se le ofrecer\u00e1 orientaci\u00f3n y ayuda para completar el proceso.<\/p>\n","protected":false},"excerpt":{"rendered":"<p>Ya est\u00e1 abierto el proceso de preinscripci\u00f3n para el alumnado de 2\u00ba ciclo de Educaci\u00f3n Infantil y Educaci\u00f3n Primaria para el curso 2026-2027. Las familias interesadas deber\u00e1n realizar la solicitud preferentemente de forma online a trav\u00e9s de la p\u00e1gina oficial del Gobierno de Navarra. \ud83d\udcc5 Plazo de preinscripci\u00f3n:Del 9 al 13 de marzo de 2026 &hellip; <a href=\"https:\/\/cpsanadrian.educacion.navarra.es\/blog\/preinscripciones-online-2026-27\/\" class=\"more-link\">Seguir leyendo <span class=\"screen-reader-text\">PREINSCRIPCIONES ONLINE 2026-27<\/span> <span class=\"meta-nav\">&rarr;<\/span><\/a><\/p>\n","protected":false},"author":15,"featured_media":0,"parent":0,"menu_order":0,"comment_status":"closed","ping_status":"closed","template":"","meta":{"ngg_post_thumbnail":0},"_links":{"self":[{"href":"https:\/\/cpsanadrian.educacion.navarra.es\/blog\/wp-json\/wp\/v2\/pages\/10169"}],"collection":[{"href":"https:\/\/cpsanadrian.educacion.navarra.es\/blog\/wp-json\/wp\/v2\/pages"}],"about":[{"href":"https:\/\/cpsanadrian.educacion.navarra.es\/blog\/wp-json\/wp\/v2\/types\/page"}],"author":[{"embeddable":true,"href":"https:\/\/cpsanadrian.educacion.navarra.es\/blog\/wp-json\/wp\/v2\/users\/15"}],"replies":[{"embeddable":true,"href":"https:\/\/cpsanadrian.educacion.navarra.es\/blog\/wp-json\/wp\/v2\/comments?post=10169"}],"version-history":[{"count":1,"href":"https:\/\/cpsanadrian.educacion.navarra.es\/blog\/wp-json\/wp\/v2\/pages\/10169\/revisions"}],"predecessor-version":[{"id":10170,"href":"https:\/\/cpsanadrian.educacion.navarra.es\/blog\/wp-json\/wp\/v2\/pages\/10169\/revisions\/10170"}],"wp:attachment":[{"href":"https:\/\/cpsanadrian.educacion.navarra.es\/blog\/wp-json\/wp\/v2\/media?parent=10169"}],"curies":[{"name":"wp","href":"https:\/\/api.w.org\/{rel}","templated":true}]}}

<p>Ya está abierto el proceso de <strong>preinscripción para el alumnado de 2º ciclo de Educación Infantil y Educación Primaria</strong> para el curso <strong>2026-2027</strong>.</p>



<p>Las familias interesadas deberán realizar la solicitud <strong>preferentemente de forma online</strong> a través de la página oficial del <strong>Gobierno de Navarra</strong>.</p>



<p>📅 <strong>Plazo de preinscripción:</strong><br>Del <strong>9 al 13 de marzo de 2026</strong> (ambos incluidos).</p>



<p>La solicitud se realiza accediendo al trámite oficial en el siguiente enlace:</p>



<p>🔗 <strong>Acceder a la preinscripción online</strong><br><a href="https://www.navarra.es/es/tramites/on/-/line/preinscripcion-y-matricula-del-alumnado-de-segundo-ciclo-de-educacion-infantil-y-primaria?utm_source=chatgpt.com">https://www.navarra.es/es/tramites/on/-/line/preinscripcion-y-matricula-del-alumnado-de-segundo-ciclo-de-educacion-infantil-y-primaria</a></p>



<p>Para realizar la solicitud será necesario identificarse mediante <strong>usuario de EDUCA</strong> o <strong>sistema Cl@ve</strong>.</p>



<p>Si alguna familia tiene dificultades para realizar el trámite online, puede ponerse en contacto con el <strong>centro educativo</strong>, donde se le ofrecerá orientación y ayuda para completar el proceso.</p>

<p>Ya está abierto el proceso de preinscripción para el alumnado de 2º ciclo de Educación Infantil y Educación Primaria para el curso 2026-2027. Las familias interesadas deberán realizar la solicitud preferentemente de forma online a través de la página oficial del Gobierno de Navarra. 📅 Plazo de preinscripción:Del 9 al 13 de marzo de 2026 &hellip; <a href="https://cpsanadrian.educacion.navarra.es/blog/preinscripciones-online-2026-27/" class="more-link">Seguir leyendo <span class="screen-reader-text">PREINSCRIPCIONES ONLINE 2026-27</span> <span class="meta-nav">&rarr;</span></a></p>
