{"id":96,"date":"2009-11-27T11:05:33","date_gmt":"2009-11-27T09:05:33","guid":{"rendered":"http:\/\/cpsanadrian.educacion.navarra.es\/blog\/?page_id=96"},"modified":"2025-10-08T08:49:34","modified_gmt":"2025-10-08T06:49:34","slug":"buzon-digital","status":"publish","type":"page","link":"https:\/\/cpsanadrian.educacion.navarra.es\/blog\/buzon-digital\/","title":{"rendered":"Buz\u00f3n Digital (SQR) y Solicitud de Cita"},"content":{"rendered":"<p><img loading=\"lazy\" class=\"alignleft size-full wp-image-107\" title=\"buzon\" src=\"http:\/\/cpsanadrian.educacion.navarra.es\/blog\/wp-content\/uploads\/2009\/11\/buzon.jpg\" alt=\"buzon\" width=\"100\" height=\"150\"><\/p>\n<p data-start=\"89\" data-end=\"325\">En este espacio se pueden presentar <strong data-start=\"125\" data-end=\"166\">sugerencias, quejas y\/o reclamaciones<\/strong>, as\u00ed como realizar consultas relacionadas con el funcionamiento del Colegio. Rogamos que la informaci\u00f3n se exponga de forma <strong data-start=\"291\" data-end=\"322\">clara, concisa y respetuosa<\/strong>.<\/p>\n<p data-start=\"327\" data-end=\"419\">Para formular una sugerencia, queja o reclamaci\u00f3n, puede utilizar el siguiente formulario:<\/p>\n<p style=\"text-align: center;\"><a href=\"https:\/\/forms.gle\/oieJT3SFuPfWuAc98\"><strong>CLIC AQU\u00cd PARA ENVIAR UNA SQR<\/strong><\/a><\/p>\n<p>Todas las comunicaciones recibir\u00e1n respuesta a trav\u00e9s de los canales oficiales del centro: <strong data-start=\"550\" data-end=\"650\">correo electr\u00f3nico, tel\u00e9fono, plataforma EDUCA o, si procede, de manera presencial en el colegio<\/strong>.<\/p>\n<p>Del mismo modo, si desea solicitar una cita con <strong data-start=\"703\" data-end=\"751\">Direcci\u00f3n, Jefatura de Estudios o Secretar\u00eda<\/strong>, puede hacerlo en el siguiente enlace:&nbsp;&nbsp; <strong><a href=\"https:\/\/forms.gle\/zQ6jk5jJs8MBR2fX6\">SOLICITUD DE CITA<\/a><\/strong><\/p>\n","protected":false},"excerpt":{"rendered":"<p>En este espacio se pueden presentar sugerencias, quejas y\/o reclamaciones, as\u00ed como realizar consultas relacionadas con el funcionamiento del Colegio. Rogamos que la informaci\u00f3n se exponga de forma clara, concisa y respetuosa. Para formular una sugerencia, queja o reclamaci\u00f3n, puede utilizar el siguiente formulario: CLIC AQU\u00cd PARA ENVIAR UNA SQR Todas las comunicaciones recibir\u00e1n respuesta &hellip; <a href=\"https:\/\/cpsanadrian.educacion.navarra.es\/blog\/buzon-digital\/\" class=\"more-link\">Seguir leyendo <span class=\"screen-reader-text\">Buz\u00f3n Digital (SQR) y Solicitud de Cita<\/span> <span class=\"meta-nav\">&rarr;<\/span><\/a><\/p>\n","protected":false},"author":1,"featured_media":0,"parent":0,"menu_order":0,"comment_status":"closed","ping_status":"open","template":"","meta":{"ngg_post_thumbnail":0},"_links":{"self":[{"href":"https:\/\/cpsanadrian.educacion.navarra.es\/blog\/wp-json\/wp\/v2\/pages\/96"}],"collection":[{"href":"https:\/\/cpsanadrian.educacion.navarra.es\/blog\/wp-json\/wp\/v2\/pages"}],"about":[{"href":"https:\/\/cpsanadrian.educacion.navarra.es\/blog\/wp-json\/wp\/v2\/types\/page"}],"author":[{"embeddable":true,"href":"https:\/\/cpsanadrian.educacion.navarra.es\/blog\/wp-json\/wp\/v2\/users\/1"}],"replies":[{"embeddable":true,"href":"https:\/\/cpsanadrian.educacion.navarra.es\/blog\/wp-json\/wp\/v2\/comments?post=96"}],"version-history":[{"count":31,"href":"https:\/\/cpsanadrian.educacion.navarra.es\/blog\/wp-json\/wp\/v2\/pages\/96\/revisions"}],"predecessor-version":[{"id":9985,"href":"https:\/\/cpsanadrian.educacion.navarra.es\/blog\/wp-json\/wp\/v2\/pages\/96\/revisions\/9985"}],"wp:attachment":[{"href":"https:\/\/cpsanadrian.educacion.navarra.es\/blog\/wp-json\/wp\/v2\/media?parent=96"}],"curies":[{"name":"wp","href":"https:\/\/api.w.org\/{rel}","templated":true}]}}